er when b is divided by 0 - (-19 - (0 + 0))?
16
Suppose 291*v = 8511 + 5968 - 4585. What is the remainder when 810/4 - 2/(-4) is divided by v?
33
Let k(m) = m - 5. Let p = -126 + 139. Suppose 0 = 2*w - 4 - 44. Calculate the remainder when w is divided by k(p).
0
Suppose -117 = -12*g + 435. What is the remainder when 723 is divided by g?
33
Suppose -3*r - 5*f + 19 = 0, -2*f = -5*r - 0*f + 11. Suppose r*x = -46 + 187. What is the remainder when x is divided by (12/(-9))/((-3)/18)?
7
Let q = 6073 + -6042. Calculate the remainder when 3/5 - 1*(-167)/5 is divided by q.
3
Let h be (42/35)/(((-4)/(-5))/(-2)). What is the remainder when 75 is divided by (-744)/(-16)*(-2)/h?
13
Suppose 2*q + 269 + 59 = 4*q. What is the remainder when q is divided by 103?
61
Calculate the remainder when 405 is divided by (-19135)/(-516) + ((-22)/(-24) - 1).
35
Let f(k) = 2*k**2 + 26*k + 22. Let q be 1/(301/(-665) - 4/(-10)). Let a be f(q). Suppose 22 = 4*g - a. Calculate the remainder when g is divided by 18.
14
Suppose -3*b - 3 = 0, -12723 = -5*f - b - 1674. What is the remainder when f is divided by 130?
0
Suppose -306*r + 309*r - 24 = 0. Suppose -r*p = -583 - 73. What is the remainder when p is divided by 17?
14
Let r(i) = -61*i - 1589. Calculate the remainder when r(-30) is divided by 26.
7
Suppose 0 = 52*h - 47*h - 2800. Suppose -h = -4*x - k - 105, 0 = 3*x + 4*k - 338. Calculate the remainder when x is divided by 58.
56
Calculate the remainder when 143 is divided by ((-4)/(80/4))/(13/(-1235)).
10
Suppose 0 = m + 2*s - 226, -s - 165 - 43 = -m. Calculate the remainder when 426 is divided by m.
212
Let p(z) = -z**2 - 14*z + 12. Suppose -250*q + 238*q + 216 = 0. What is the remainder when q is divided by p(-14)?
6
Let l(s) = s**3 - 91*s**2 - 85*s - 599. Calculate the remainder when 336 is divided by l(92).
21
Let f(n) = 3*n**3 - 16*n**2 + 10*n + 58. Calculate the remainder when f(15) is divided by 14.
13
Suppose -4*n = -150 - 190. Let s = 51 - 47. Suppose 34 = c + 2*l, -4*c + 240 = c - s*l. Calculate the remainder when n is divided by c.
41
Let b = -9719 + 9779. Calculate the remainder when b is divided by 18.
6
Let g = -15072 + 15375. Calculate the remainder when 552 is divided by g.
249
Let q be (166/4)/(3*4/(-24)). Let s = -378 + 247. Let u = q - s. What is the remainder when u is divided by 5?
3
Let w(k) = 2*k**2 - 49*k - 4. Let g(h) = h**3 + 9*h**2 + 4*h - 6. Let y be g(-8). Calculate the remainder when w(y) is divided by 41.
33
Let p = -3748 - -3773. Calculate the remainder when 211 is divided by p.
11
Suppose 0 = -d - 4*j + 101, 20 = -4*j + 8. Suppose 4*t - n - d = 0, -2*n = -5*t - 45 + 187. Let u = 48 + -33. What is the remainder when t is divided by u?
13
Suppose -1208 = -12*a + 8*a + 4*s, 3*a + s - 914 = 0. What is the remainder when a is divided by 48?
16
Let u(v) = v**3 + v**2 + 3*v + 7. Let b be u(-4). Let z = 27 - b. Suppose 2*x = -6*x + z. Calculate the remainder when 36 is divided by x.
6
Let m = 17 + -10. Suppose 15 = 2*b + m. Suppose -2*q - 648 = -38*q. What is the remainder when q is divided by b?
2
Let k(p) = p**3 - 21*p**2 + 15*p. Calculate the remainder when k(21) is divided by 104.
3
Let n be 110/(-38) - (-26)/(-247). Suppose -6*r + 78 = -4*r. Calculate the remainder when r is divided by (n + -3)/(-1 + 7/10).
19
Let z(y) be the first derivative of y**2 + 17*y + 21. Let f be z(-8). What is the remainder when (-21 + -2)*(f - 2) is divided by 9?
5
Suppose -4643 = -40*p + 331 + 2986. Calculate the remainder when 4764 is divided by p.
187
Suppose 0 = 169*q - 26*q - 36751. Calculate the remainder when q is divided by 67.
56
Let x(f) = -f**3 - 2*f**2 - 4*f - 3. Suppose 0 = -4*m + n - 4*n - 564, 2*m = -n - 284. Let v = m + 233. What is the remainder when v is divided by x(-3)?
17
Suppose -5*n = -4*y - 77, 0 = -8*n + 4*n - 3*y + 43. Let g be (519 - (2 + 2))/1. Suppose -g = 9*u - 14*u. Calculate the remainder when u is divided by n.
12
Let h = -77 + 74. Let t = 20 - h. Calculate the remainder when 112 is divided by t.
20
Let w = 986 + -983. Suppose 45 = w*l + 2*y, 4*y = -2*l - 0*l + 30. What is the remainder when 52 is divided by l?
7
Let b = 3293 - 3147. Calculate the remainder when 441 is divided by b.
3
Let c = -572 - -801. Let l be (3 - 9) + -173 + 5. What is the remainder when c is divided by l/(-27)*(18 - 9)?
55
Let k(x) = -35*x + 2. Suppose 0*h + 2*t = -3*h + 54, 32 = 5*t + 17. Calculate the remainder when k(-2) is divided by h.
8
Calculate the remainder when 282 + -188 + 1 + -15 is divided by 75.
5
Let f be (-6 - (-7 + 3))*-2. Suppose -f*h = 5*a - 100, h - 4 = -5*a + 6. Suppose k = 7 + 9. What is the remainder when h is divided by k?
14
Let z(a) = -3*a**3 - 19*a**2 + 7*a + 154. What is the remainder when z(-8) is divided by 412?
6
Let p = -1134 + 1552. Calculate the remainder when p is divided by 25.
18
Let f(o) = 3*o + 37. Calculate the remainder when f(-10) is divided by (1/(-4))/(5/(-20)).
0
Let r = 4 + 0. Let f be 1*(385/33 - r/6). Suppose 4*v = f + 13. What is the remainder when 10 is divided by v?
4
Let i(o) = -o**3 - 2*o**2 + 3*o + 8. Suppose 3*n - 8 - 10 = 0. Suppose 0 = w - r - 79, 2*r + 2 = n. Calculate the remainder when w is divided by i(-4).
25
Calculate the remainder when 16794/72 - 24/(-6) - (-2)/(-8) is divided by 80.
77
What is the remainder when 156/(-208)*3/(36/(-4336)) is divided by 133?
5
Let a = 15730 + -9052. Calculate the remainder when a is divided by 131.
128
Suppose -y + 35 - 33 = 0. Suppose -1 = -y*p + 1. Calculate the remainder when (p + -2)/(3/(-57)) is divided by 4.
3
Suppose -7*v = -3*v + 5*n - 128, v - 33 = -n. Let a = 30 + v. What is the remainder when a is divided by 19?
10
Suppose 0 = 3*h - 8*h + 45. Suppose -6*p = -h*p + 108. What is the remainder when 101 is divided by p?
29
Let v(n) = 59*n**2 + 1. Let k be v(-1). Let p = 60 - k. Suppose 11*t - 14*t + 114 = p. What is the remainder when 189 is divided by t?
37
Let g(x) = 11*x**2 + 2*x + 23. Let w(b) = -13*b**2 - 2*b - 23. Let i(u) = 7*g(u) + 6*w(u). Calculate the remainder when 299/4 - 6/(-24) is divided by i(0).
6
Suppose 228 = 2*j + 4*q, 6*q - 360 = -3*j + 9*q. Suppose -2*g = r + r - 52, g = 5*r + 26. What is the remainder when j is divided by g?
14
Let c(u) = 2*u**3 + 8*u**2 - 5*u - 11. Let s be c(-8). Let t = -328 - s. Calculate the remainder when t is divided by 45.
20
Suppose -4*w = -0*w - 128. Suppose 2*u = 2*l - 266, -845 = -5*l - 4*u - 252. Calculate the remainder when l is divided by w.
29
Calculate the remainder when (-43 - -142)/((1/4)/(83/332)) is divided by (-40)/(1/(1 + -2)).
19
Suppose -57*t = -896 - 1156. Calculate the remainder when (8*39)/4*5 is divided by t.
30
Suppose 28325 = 27*m + 9*m - 12931. What is the remainder when 2295 is divided by m?
3
Suppose 11*g + 1975 = 2261. Calculate the remainder when 63 is divided by g.
11
Let h(d) be the second derivative of -d**3/6 + 9*d**2/2 + d. Suppose 0 = -16*w + 4*w - 72. What is the remainder when 57 is divided by h(w)?
12
Let u = 4250 - 4209. What is the remainder when 728 is divided by u?
31
Let l(i) = 11*i**2 + 5 + 0 - 18*i - 2*i**3 + 23*i - 12*i. What is the remainder when 98 is divided by l(4)?
23
Let m be 120/(-6) + 19 + (2 - (1 + -2)). Let h(w) = 2*w + 25 - 4*w + 3*w. What is the remainder when h(m) is divided by 11?
5
Let j = 11 + -55. Suppose -11*k - 371 = -63. Let n = k - j. Calculate the remainder when 58 is divided by n.
10
Let a be (-126)/(-4)*(-4)/(-3). Suppose 2*g + t - 20 = -4, 0 = 3*g + 3*t - 18. Let d = a - g. Calculate the remainder when d is divided by 17.
15
Let f(o) = -o**3 + 22*o**2 - 14*o + 28. Let z(c) = 6*c**2 + 34*c + 9. Let p be z(-6). Calculate the remainder when f(p) is divided by 8.
7
Let q = -44 + 36. Let r be (-2)/q - 378/72. What is the remainder when 38 is divided by ((-4)/r)/(8/140)?
10
Calculate the remainder when 260/((-400)/(-30) - 12) is divided by 105.
90
Suppose -l + 6*l = 0. Suppose l = 4*f - 17 + 5. Suppose 4*x - f*x = 7. Calculate the remainder when 11 is divided by x.
4
Calculate the remainder when 3309 is divided by 16*(-24)/(-320)*15.
15
Let o be (-49)/(-14) + 9/6. Suppose 5*k - 180 = -o*x, x + k - 28 = 2*k. What is the remainder when 159 is divided by x?
31
Suppose -232 = -130*w + 129*w + 2*a, -2*a - 680 = -3*w. What is the remainder when w is 